{"id":64,"date":"2016-01-22T17:31:23","date_gmt":"2016-01-22T16:31:23","guid":{"rendered":"http:\/\/petitschanteurs-angers.fr\/?page_id=64"},"modified":"2022-05-12T14:10:06","modified_gmt":"2022-05-12T13:10:06","slug":"liens","status":"publish","type":"page","link":"https:\/\/petitschanteurs-angers.fr\/index.php\/liens\/","title":{"rendered":"LIENS"},"content":{"rendered":"<table>\n<tbody>\n<tr>\n<td style=\"text-align: left; vertical-align: middle;\">Coll\u00e8ge Sainte C\u00e9cile La Salle<\/td>\n<td><a href=\"https:\/\/saintececile-lasalle.fr\/\"><img loading=\"lazy\" decoding=\"async\" class=\"aligncenter\" src=\"http:\/\/www.lacathedrale-lasalle.fr\/wp-content\/themes\/college-la-cathedrale.fr\/img\/logo.png\" alt=\"\" width=\"186\" height=\"96\" \/><\/a><\/td>\n<\/tr>\n<tr>\n<td style=\"text-align: left; vertical-align: middle;\">F\u00e9d\u00e9ration Pueri Cantores<\/td>\n<td><a href=\"http:\/\/www.petits-chanteurs.com\"><img loading=\"lazy\" decoding=\"async\" class=\"aligncenter wp-image-34\" src=\"http:\/\/petitschanteurs-angers.fr\/wp-content\/uploads\/2016\/01\/logo-pueri-300x104.jpg\" alt=\"logo-pueri\" width=\"231\" height=\"80\" \/><\/a><\/td>\n<\/tr>\n<tr>\n<td style=\"text-align: left; vertical-align: middle;\">Ch\u0153ur Ensemble &#8211; Brissac<\/td>\n<td><a href=\"https:\/\/choeur-ensemble-st-vincent.jimdofree.com\/\"><img loading=\"lazy\" decoding=\"async\" class=\"aligncenter\" src=\"https:\/\/image.jimcdn.com\/app\/cms\/image\/transf\/dimension=148x1024:format=jpg\/path\/s2cc0f87a907c4101\/image\/i8751f75f94c9a405\/version\/1432148522\/image.jpg\" alt=\"\" width=\"107\" height=\"151\" \/><\/a><\/td>\n<\/tr>\n<tr>\n<td style=\"text-align: left; vertical-align: middle;\">Ch\u0153ur de l\u2019\u00c9toile &#8211; Cholet<\/td>\n<td><a href=\"https:\/\/jdarc-cholet.anjou.e-lyco.fr\/les-de-jda\/presentation\/\"><img loading=\"lazy\" decoding=\"async\" class=\"aligncenter\" src=\"http:\/\/img.over-blog-kiwi.com\/0\/58\/67\/22\/201306\/ob_92f0a9990abde1aef9101456eb5247a9_logo-choeur-etoile.jpg\" alt=\"\" width=\"104\" height=\"104\" \/><\/a><\/td>\n<\/tr>\n<\/tbody>\n<\/table>\n","protected":false},"excerpt":{"rendered":"<p>Coll\u00e8ge Sainte C\u00e9cile La Salle F\u00e9d\u00e9ration Pueri Cantores Ch\u0153ur Ensemble &#8211; Brissac Ch\u0153ur de l\u2019\u00c9toile &#8211; Cholet<\/p>\n","protected":false},"author":1,"featured_media":0,"parent":0,"menu_order":0,"comment_status":"closed","ping_status":"closed","template":"","meta":{"footnotes":"","_links_to":"","_links_to_target":""},"class_list":["post-64","page","type-page","status-publish","hentry"],"aioseo_notices":[],"_links":{"self":[{"href":"https:\/\/petitschanteurs-angers.fr\/index.php\/wp-json\/wp\/v2\/pages\/64","targetHints":{"allow":["GET"]}}],"collection":[{"href":"https:\/\/petitschanteurs-angers.fr\/index.php\/wp-json\/wp\/v2\/pages"}],"about":[{"href":"https:\/\/petitschanteurs-angers.fr\/index.php\/wp-json\/wp\/v2\/types\/page"}],"author":[{"embeddable":true,"href":"https:\/\/petitschanteurs-angers.fr\/index.php\/wp-json\/wp\/v2\/users\/1"}],"replies":[{"embeddable":true,"href":"https:\/\/petitschanteurs-angers.fr\/index.php\/wp-json\/wp\/v2\/comments?post=64"}],"version-history":[{"count":7,"href":"https:\/\/petitschanteurs-angers.fr\/index.php\/wp-json\/wp\/v2\/pages\/64\/revisions"}],"predecessor-version":[{"id":2122,"href":"https:\/\/petitschanteurs-angers.fr\/index.php\/wp-json\/wp\/v2\/pages\/64\/revisions\/2122"}],"wp:attachment":[{"href":"https:\/\/petitschanteurs-angers.fr\/index.php\/wp-json\/wp\/v2\/media?parent=64"}],"curies":[{"name":"wp","href":"https:\/\/api.w.org\/{rel}","templated":true}]}}

<table>
<tbody>
<tr>
<td style="text-align: left; vertical-align: middle;">Collège Sainte Cécile La Salle</td>
<td><a href="https://saintececile-lasalle.fr/"><img loading="lazy" decoding="async" class="aligncenter" src="http://www.lacathedrale-lasalle.fr/wp-content/themes/college-la-cathedrale.fr/img/logo.png" alt="" width="186" height="96" /></a></td>
</tr>
<tr>
<td style="text-align: left; vertical-align: middle;">Fédération Pueri Cantores</td>
<td><a href="http://www.petits-chanteurs.com"><img loading="lazy" decoding="async" class="aligncenter wp-image-34" src="http://petitschanteurs-angers.fr/wp-content/uploads/2016/01/logo-pueri-300x104.jpg" alt="logo-pueri" width="231" height="80" /></a></td>
</tr>
<tr>
<td style="text-align: left; vertical-align: middle;">Chœur Ensemble &#8211; Brissac</td>
<td><a href="https://choeur-ensemble-st-vincent.jimdofree.com/"><img loading="lazy" decoding="async" class="aligncenter" src="https://image.jimcdn.com/app/cms/image/transf/dimension=148x1024:format=jpg/path/s2cc0f87a907c4101/image/i8751f75f94c9a405/version/1432148522/image.jpg" alt="" width="107" height="151" /></a></td>
</tr>
<tr>
<td style="text-align: left; vertical-align: middle;">Chœur de l’Étoile &#8211; Cholet</td>
<td><a href="https://jdarc-cholet.anjou.e-lyco.fr/les-de-jda/presentation/"><img loading="lazy" decoding="async" class="aligncenter" src="http://img.over-blog-kiwi.com/0/58/67/22/201306/ob_92f0a9990abde1aef9101456eb5247a9_logo-choeur-etoile.jpg" alt="" width="104" height="104" /></a></td>
</tr>
</tbody>
</table>

<p>Collège Sainte Cécile La Salle Fédération Pueri Cantores Chœur Ensemble &#8211; Brissac Chœur de l’Étoile &#8211; Cholet</p>
