{"id":86,"date":"2016-01-23T00:15:25","date_gmt":"2016-01-22T23:15:25","guid":{"rendered":"http:\/\/petitschanteurs-angers.fr\/?page_id=86"},"modified":"2024-12-16T16:59:17","modified_gmt":"2024-12-16T15:59:17","slug":"agenda-annuel","status":"publish","type":"page","link":"https:\/\/petitschanteurs-angers.fr\/index.php\/agenda-annuel\/","title":{"rendered":"Agenda"},"content":{"rendered":"<table style=\"height: 1341px;\" width=\"694\">\n<tbody>\n<tr style=\"height: 24px;\">\n<td style=\"height: 24px; width: 677.983px;\"><span style=\"color: #ffffff;\"><strong>Dimanche 3 Septembre :<\/strong><\/span><\/p>\n<ul>\n<li><span style=\"color: #ffffff;\">Journ\u00e9e de rentr\u00e9e \u00e0 B\u00e9huard<\/span><\/li>\n<\/ul>\n<p><span style=\"color: #ffffff;\"><strong>Lundi 4 Septembre :<\/strong><\/span><\/p>\n<ul>\n<li><span style=\"color: #ffffff;\">Remise des tuniques de 16h \u00e0 19h<\/span><\/li>\n<\/ul>\n<p><span style=\"color: #ffffff;\"><strong>Vendredi 8 Septembre :<\/strong><\/span><\/p>\n<ul>\n<li><span style=\"color: #ffffff;\">Audition nouveaux chanteurs<\/span><\/li>\n<\/ul>\n<p><span style=\"color: #ffffff;\"><strong>Dimanche 24 Septembre :<\/strong><\/span><\/p>\n<ul>\n<li><span style=\"color: #ffffff;\">Messe de remise des aubes \u00e9glise Saint Serge \u00e0 11h00<\/span><\/li>\n<\/ul>\n<p><span style=\"color: #ffffff;\"><strong>Jeudi 12 octobre :<\/strong><\/span><\/p>\n<ul>\n<li><span style=\"color: #ffffff;\">Assembl\u00e9e G\u00e9n\u00e9rale au Coll\u00e8ge Sainte C\u00e9cile La Salle \u00e0 18h30<\/span><\/li>\n<\/ul>\n<p><span style=\"color: #ffffff;\"><strong>Dimanche 15 octobre :<\/strong><\/span><\/p>\n<ul>\n<li><span style=\"color: #ffffff;\">Messe et Concert \u00e0 Brain sur L&rsquo;Authion<\/span><\/li>\n<\/ul>\n<p><span style=\"color: #ffffff;\"><strong>Samedi 18 novembre :<\/strong><\/span><\/p>\n<ul>\n<li><span style=\"color: #ffffff;\">Concert de pr\u00e9sentation aux \u00e9coles primaires \u00c9glise Saint Jean de Monplaisir \u00e0 14h00<\/span><\/li>\n<\/ul>\n<p><span style=\"color: #ffffff;\"><strong>Samedi 2 d\u00e9cembre :<\/strong><\/span><\/p>\n<ul>\n<li><span style=\"color: #ffffff;\">Op\u00e9ration Sapin de No\u00ebl au Coll\u00e8ge Sainte C\u00e9cile La Salle<\/span><\/li>\n<\/ul>\n<p><span style=\"color: #ffffff;\"><strong>Vendredi 8 d\u00e9cembre :<\/strong><\/span><\/p>\n<ul>\n<li><span style=\"color: #ffffff;\">Publicit\u00e9 concert de No\u00ebl Place du Ralliement \u00e0 18h00<\/span><\/li>\n<\/ul>\n<p><span style=\"color: #ffffff;\"><strong>Dimanche 16 d\u00e9cembre :<\/strong><\/span><\/p>\n<ul>\n<li><span style=\"color: #ffffff;\">Concert de No\u00ebl \u00e0 15h30 (\u00c9glise de Montreuil Juign\u00e9)<\/span><\/li>\n<\/ul>\n<p><span style=\"color: #ffffff;\"><strong>Samedi 27 Janvier :<\/strong><\/span><\/p>\n<ul>\n<li><span style=\"color: #ffffff;\">Bal Folk au Coll\u00e8ge Sainte C\u00e9cile La Salle \u00e0 20h00<\/span><\/li>\n<\/ul>\n<p><span style=\"color: #ffffff;\"><strong>Dimanche 4 f\u00e9vrier :<\/strong><\/span><\/p>\n<ul>\n<li><span style=\"color: #ffffff;\">Messe de remise de la croix et Concert \u00c9glise de Saint Sylvain<\/span><\/li>\n<\/ul>\n<p><span style=\"color: #ffffff;\"><strong>Dimanche 17 Mars 2023 :<\/strong><\/span><\/p>\n<ul>\n<li><span style=\"color: #ffffff;\">Messe et Concert \u00c9glise de Saint Gilles d&rsquo;Avrill\u00e9<\/span><\/li>\n<\/ul>\n<p><span style=\"color: #ffffff;\"><strong>Vacances de Printemps :<\/strong><\/span><\/p>\n<ul>\n<li><span style=\"color: #ffffff;\">Tourn\u00e9e des Petits Chanteurs<\/span><\/li>\n<\/ul>\n<p><span style=\"color: #ffffff;\"><strong>Samedi 18 Mai :<\/strong><\/span><\/p>\n<ul>\n<li><span style=\"color: #ffffff;\">Messe de Mariage \u00c9glise de la Madeleine<\/span><\/li>\n<\/ul>\n<p><span style=\"color: #ffffff;\"><strong>Mai &#8211; Juin :<\/strong><\/span><\/p>\n<ul>\n<li><span style=\"color: #ffffff;\">Projets p\u00e9dagogiques en cours de construction<\/span><\/li>\n<\/ul>\n<p><span style=\"color: #ffffff;\"><strong>Samedi 22 Juin :<\/strong><\/span><\/p>\n<ul>\n<li><span style=\"color: #ffffff;\">Messe de mariage \u00e0 Faye d&rsquo;Anjou<\/span><\/li>\n<li><span style=\"color: #ffffff;\">Pique-nique de fin d&rsquo;ann\u00e9e<\/span><\/li>\n<\/ul>\n<\/td>\n<td style=\"height: 24px; width: 0.0166667px;\"><\/td>\n<\/tr>\n<\/tbody>\n<\/table>\n<p>&nbsp;<\/p>\n","protected":false},"excerpt":{"rendered":"<p>Dimanche 3 Septembre : Journ\u00e9e de rentr\u00e9e \u00e0 B\u00e9huard Lundi 4 Septembre : Remise des tuniques de 16h \u00e0 19h Vendredi 8 Septembre : Audition nouveaux chanteurs Dimanche 24 Septembre : Messe de remise des aubes \u00e9glise Saint Serge \u00e0 11h00 Jeudi 12 octobre : Assembl\u00e9e G\u00e9n\u00e9rale au Coll\u00e8ge Sainte C\u00e9cile La Salle \u00e0 18h30<a href=\"https:\/\/petitschanteurs-angers.fr\/index.php\/agenda-annuel\/\">[&#8230;]<\/a><\/p>\n","protected":false},"author":1,"featured_media":611,"parent":0,"menu_order":0,"comment_status":"closed","ping_status":"closed","template":"","meta":{"footnotes":"","_links_to":"","_links_to_target":""},"class_list":["post-86","page","type-page","status-publish","has-post-thumbnail","hentry"],"aioseo_notices":[],"_links":{"self":[{"href":"https:\/\/petitschanteurs-angers.fr\/index.php\/wp-json\/wp\/v2\/pages\/86","targetHints":{"allow":["GET"]}}],"collection":[{"href":"https:\/\/petitschanteurs-angers.fr\/index.php\/wp-json\/wp\/v2\/pages"}],"about":[{"href":"https:\/\/petitschanteurs-angers.fr\/index.php\/wp-json\/wp\/v2\/types\/page"}],"author":[{"embeddable":true,"href":"https:\/\/petitschanteurs-angers.fr\/index.php\/wp-json\/wp\/v2\/users\/1"}],"replies":[{"embeddable":true,"href":"https:\/\/petitschanteurs-angers.fr\/index.php\/wp-json\/wp\/v2\/comments?post=86"}],"version-history":[{"count":47,"href":"https:\/\/petitschanteurs-angers.fr\/index.php\/wp-json\/wp\/v2\/pages\/86\/revisions"}],"predecessor-version":[{"id":2538,"href":"https:\/\/petitschanteurs-angers.fr\/index.php\/wp-json\/wp\/v2\/pages\/86\/revisions\/2538"}],"wp:featuredmedia":[{"embeddable":true,"href":"https:\/\/petitschanteurs-angers.fr\/index.php\/wp-json\/wp\/v2\/media\/611"}],"wp:attachment":[{"href":"https:\/\/petitschanteurs-angers.fr\/index.php\/wp-json\/wp\/v2\/media?parent=86"}],"curies":[{"name":"wp","href":"https:\/\/api.w.org\/{rel}","templated":true}]}}

<table style="height: 1341px;" width="694">
<tbody>
<tr style="height: 24px;">
<td style="height: 24px; width: 677.983px;"><span style="color: #ffffff;"><strong>Dimanche 3 Septembre :</strong></span></p>
<ul>
<li><span style="color: #ffffff;">Journée de rentrée à Béhuard</span></li>
</ul>
<p><span style="color: #ffffff;"><strong>Lundi 4 Septembre :</strong></span></p>
<ul>
<li><span style="color: #ffffff;">Remise des tuniques de 16h à 19h</span></li>
</ul>
<p><span style="color: #ffffff;"><strong>Vendredi 8 Septembre :</strong></span></p>
<ul>
<li><span style="color: #ffffff;">Audition nouveaux chanteurs</span></li>
</ul>
<p><span style="color: #ffffff;"><strong>Dimanche 24 Septembre :</strong></span></p>
<ul>
<li><span style="color: #ffffff;">Messe de remise des aubes église Saint Serge à 11h00</span></li>
</ul>
<p><span style="color: #ffffff;"><strong>Jeudi 12 octobre :</strong></span></p>
<ul>
<li><span style="color: #ffffff;">Assemblée Générale au Collège Sainte Cécile La Salle à 18h30</span></li>
</ul>
<p><span style="color: #ffffff;"><strong>Dimanche 15 octobre :</strong></span></p>
<ul>
<li><span style="color: #ffffff;">Messe et Concert à Brain sur L&rsquo;Authion</span></li>
</ul>
<p><span style="color: #ffffff;"><strong>Samedi 18 novembre :</strong></span></p>
<ul>
<li><span style="color: #ffffff;">Concert de présentation aux écoles primaires Église Saint Jean de Monplaisir à 14h00</span></li>
</ul>
<p><span style="color: #ffffff;"><strong>Samedi 2 décembre :</strong></span></p>
<ul>
<li><span style="color: #ffffff;">Opération Sapin de Noël au Collège Sainte Cécile La Salle</span></li>
</ul>
<p><span style="color: #ffffff;"><strong>Vendredi 8 décembre :</strong></span></p>
<ul>
<li><span style="color: #ffffff;">Publicité concert de Noël Place du Ralliement à 18h00</span></li>
</ul>
<p><span style="color: #ffffff;"><strong>Dimanche 16 décembre :</strong></span></p>
<ul>
<li><span style="color: #ffffff;">Concert de Noël à 15h30 (Église de Montreuil Juigné)</span></li>
</ul>
<p><span style="color: #ffffff;"><strong>Samedi 27 Janvier :</strong></span></p>
<ul>
<li><span style="color: #ffffff;">Bal Folk au Collège Sainte Cécile La Salle à 20h00</span></li>
</ul>
<p><span style="color: #ffffff;"><strong>Dimanche 4 février :</strong></span></p>
<ul>
<li><span style="color: #ffffff;">Messe de remise de la croix et Concert Église de Saint Sylvain</span></li>
</ul>
<p><span style="color: #ffffff;"><strong>Dimanche 17 Mars 2023 :</strong></span></p>
<ul>
<li><span style="color: #ffffff;">Messe et Concert Église de Saint Gilles d&rsquo;Avrillé</span></li>
</ul>
<p><span style="color: #ffffff;"><strong>Vacances de Printemps :</strong></span></p>
<ul>
<li><span style="color: #ffffff;">Tournée des Petits Chanteurs</span></li>
</ul>
<p><span style="color: #ffffff;"><strong>Samedi 18 Mai :</strong></span></p>
<ul>
<li><span style="color: #ffffff;">Messe de Mariage Église de la Madeleine</span></li>
</ul>
<p><span style="color: #ffffff;"><strong>Mai &#8211; Juin :</strong></span></p>
<ul>
<li><span style="color: #ffffff;">Projets pédagogiques en cours de construction</span></li>
</ul>
<p><span style="color: #ffffff;"><strong>Samedi 22 Juin :</strong></span></p>
<ul>
<li><span style="color: #ffffff;">Messe de mariage à Faye d&rsquo;Anjou</span></li>
<li><span style="color: #ffffff;">Pique-nique de fin d&rsquo;année</span></li>
</ul>
</td>
<td style="height: 24px; width: 0.0166667px;"></td>
</tr>
</tbody>
</table>
<p>&nbsp;</p>

<p>Dimanche 3 Septembre : Journée de rentrée à Béhuard Lundi 4 Septembre : Remise des tuniques de 16h à 19h Vendredi 8 Septembre : Audition nouveaux chanteurs Dimanche 24 Septembre : Messe de remise des aubes église Saint Serge à 11h00 Jeudi 12 octobre : Assemblée Générale au Collège Sainte Cécile La Salle à 18h30<a href="https://petitschanteurs-angers.fr/index.php/agenda-annuel/">[&#8230;]</a></p>
